{"id":136,"date":"2021-03-01T15:56:51","date_gmt":"2021-03-01T18:56:51","guid":{"rendered":"https:\/\/ganbatte.com.ar\/?page_id=136"},"modified":"2021-03-01T15:58:28","modified_gmt":"2021-03-01T18:58:28","slug":"trabaje-con-ganbatte-2","status":"publish","type":"page","link":"https:\/\/ganbatte.com.ar\/?page_id=136","title":{"rendered":"Trabaje con Ganbatte"},"content":{"rendered":"<div class=\"su-spacer\" style=\"height:100px\"><\/div>\n<h1>TRABAJE CON GANBATTE<img loading=\"lazy\" decoding=\"async\" class=\"size-full wp-image-356 alignright\" src=\"https:\/\/ganbatte.com.ar\/wp-content\/uploads\/2021\/02\/icon-ganbatte-tittle2.png\" alt=\"\" width=\"45\" height=\"48\" \/><\/h1>\n<hr \/>\n<div class=\"su-row\"><div class=\"su-column su-column-size-1-2\"><div class=\"su-column-inner su-u-clearfix su-u-trim\">\n<p>Ofrecemos a nuestros empleados un entorno de trabajo estimulante con oportunidad para desarrollarse personal y profesionalmente. Con feedback natural, nos enorgullecemos por la calidad, alto grado de compromiso, y alta motivaci\u00f3n de nuestros empleados. Si usted est\u00e1 interesado en desarrollar su capacidad profesional en nuestra empresa, por favor env\u00edenos su C.V.<\/p>\n<\/div><\/div>\n<div class=\"su-column su-column-size-1-2\"><div class=\"su-column-inner su-u-clearfix su-u-trim\">\n<p><img loading=\"lazy\" decoding=\"async\" src=\"https:\/\/ganbatte.com.ar\/wp-content\/uploads\/2021\/02\/trabaje-con-ganbatte.jpg\" alt=\"\" width=\"414\" height=\"275\" class=\"alignnone size-full wp-image-460\" \/><\/p>\n<\/div><\/div><\/div>\n<div class=\"su-spacer\" style=\"height:50px\"><\/div>\n","protected":false},"excerpt":{"rendered":"<p>TRABAJE CON GANBATTE<\/p>\n","protected":false},"author":1,"featured_media":0,"parent":0,"menu_order":0,"comment_status":"closed","ping_status":"closed","template":"page-template\/custom-home-page.php","meta":{"footnotes":""},"class_list":["post-136","page","type-page","status-publish","hentry"],"yoast_head":"<!-- This site is optimized with the Yoast SEO plugin v27.4 - https:\/\/yoast.com\/product\/yoast-seo-wordpress\/ -->\n<title>Trabaje con Ganbatte - Ganbatte<\/title>\n<meta name=\"robots\" content=\"index, follow, max-snippet:-1, max-image-preview:large, max-video-preview:-1\" \/>\n<link rel=\"canonical\" href=\"https:\/\/ganbatte.com.ar\/?page_id=136\" \/>\n<meta property=\"og:locale\" content=\"es_ES\" \/>\n<meta property=\"og:type\" content=\"article\" \/>\n<meta property=\"og:title\" content=\"Trabaje con Ganbatte - Ganbatte\" \/>\n<meta property=\"og:description\" content=\"TRABAJE CON GANBATTE\" \/>\n<meta property=\"og:url\" content=\"https:\/\/ganbatte.com.ar\/?page_id=136\" \/>\n<meta property=\"og:site_name\" content=\"Ganbatte\" \/>\n<meta property=\"article:modified_time\" content=\"2021-03-01T18:58:28+00:00\" \/>\n<meta property=\"og:image\" content=\"https:\/\/ganbatte.com.ar\/wp-content\/uploads\/2021\/02\/icon-ganbatte-tittle2.png\" \/>\n<meta name=\"twitter:card\" content=\"summary_large_image\" \/>\n<script type=\"application\/ld+json\" class=\"yoast-schema-graph\">{\"@context\":\"https:\\\/\\\/schema.org\",\"@graph\":[{\"@type\":\"WebPage\",\"@id\":\"https:\\\/\\\/ganbatte.com.ar\\\/?page_id=136\",\"url\":\"https:\\\/\\\/ganbatte.com.ar\\\/?page_id=136\",\"name\":\"Trabaje con Ganbatte - Ganbatte\",\"isPartOf\":{\"@id\":\"https:\\\/\\\/ganbatte.com.ar\\\/#website\"},\"primaryImageOfPage\":{\"@id\":\"https:\\\/\\\/ganbatte.com.ar\\\/?page_id=136#primaryimage\"},\"image\":{\"@id\":\"https:\\\/\\\/ganbatte.com.ar\\\/?page_id=136#primaryimage\"},\"thumbnailUrl\":\"https:\\\/\\\/ganbatte.com.ar\\\/wp-content\\\/uploads\\\/2021\\\/02\\\/icon-ganbatte-tittle2.png\",\"datePublished\":\"2021-03-01T18:56:51+00:00\",\"dateModified\":\"2021-03-01T18:58:28+00:00\",\"breadcrumb\":{\"@id\":\"https:\\\/\\\/ganbatte.com.ar\\\/?page_id=136#breadcrumb\"},\"inLanguage\":\"es-AR\",\"potentialAction\":[{\"@type\":\"ReadAction\",\"target\":[\"https:\\\/\\\/ganbatte.com.ar\\\/?page_id=136\"]}]},{\"@type\":\"ImageObject\",\"inLanguage\":\"es-AR\",\"@id\":\"https:\\\/\\\/ganbatte.com.ar\\\/?page_id=136#primaryimage\",\"url\":\"https:\\\/\\\/ganbatte.com.ar\\\/wp-content\\\/uploads\\\/2021\\\/02\\\/icon-ganbatte-tittle2.png\",\"contentUrl\":\"https:\\\/\\\/ganbatte.com.ar\\\/wp-content\\\/uploads\\\/2021\\\/02\\\/icon-ganbatte-tittle2.png\",\"width\":45,\"height\":48},{\"@type\":\"BreadcrumbList\",\"@id\":\"https:\\\/\\\/ganbatte.com.ar\\\/?page_id=136#breadcrumb\",\"itemListElement\":[{\"@type\":\"ListItem\",\"position\":1,\"name\":\"Inicio\",\"item\":\"https:\\\/\\\/ganbatte.com.ar\\\/\"},{\"@type\":\"ListItem\",\"position\":2,\"name\":\"Trabaje con Ganbatte\"}]},{\"@type\":\"WebSite\",\"@id\":\"https:\\\/\\\/ganbatte.com.ar\\\/#website\",\"url\":\"https:\\\/\\\/ganbatte.com.ar\\\/\",\"name\":\"Ganbatte\",\"description\":\"Transporting Dreams\",\"publisher\":{\"@id\":\"https:\\\/\\\/ganbatte.com.ar\\\/#organization\"},\"potentialAction\":[{\"@type\":\"SearchAction\",\"target\":{\"@type\":\"EntryPoint\",\"urlTemplate\":\"https:\\\/\\\/ganbatte.com.ar\\\/?s={search_term_string}\"},\"query-input\":{\"@type\":\"PropertyValueSpecification\",\"valueRequired\":true,\"valueName\":\"search_term_string\"}}],\"inLanguage\":\"es-AR\"},{\"@type\":\"Organization\",\"@id\":\"https:\\\/\\\/ganbatte.com.ar\\\/#organization\",\"name\":\"Ganbatte\",\"url\":\"https:\\\/\\\/ganbatte.com.ar\\\/\",\"logo\":{\"@type\":\"ImageObject\",\"inLanguage\":\"es-AR\",\"@id\":\"https:\\\/\\\/ganbatte.com.ar\\\/#\\\/schema\\\/logo\\\/image\\\/\",\"url\":\"https:\\\/\\\/ganbatte.com.ar\\\/wp-content\\\/uploads\\\/2021\\\/02\\\/logo.png\",\"contentUrl\":\"https:\\\/\\\/ganbatte.com.ar\\\/wp-content\\\/uploads\\\/2021\\\/02\\\/logo.png\",\"width\":172,\"height\":190,\"caption\":\"Ganbatte\"},\"image\":{\"@id\":\"https:\\\/\\\/ganbatte.com.ar\\\/#\\\/schema\\\/logo\\\/image\\\/\"}}]}<\/script>\n<!-- \/ Yoast SEO plugin. -->","yoast_head_json":{"title":"Trabaje con Ganbatte - Ganbatte","robots":{"index":"index","follow":"follow","max-snippet":"max-snippet:-1","max-image-preview":"max-image-preview:large","max-video-preview":"max-video-preview:-1"},"canonical":"https:\/\/ganbatte.com.ar\/?page_id=136","og_locale":"es_ES","og_type":"article","og_title":"Trabaje con Ganbatte - Ganbatte","og_description":"TRABAJE CON GANBATTE","og_url":"https:\/\/ganbatte.com.ar\/?page_id=136","og_site_name":"Ganbatte","article_modified_time":"2021-03-01T18:58:28+00:00","og_image":[{"url":"https:\/\/ganbatte.com.ar\/wp-content\/uploads\/2021\/02\/icon-ganbatte-tittle2.png","type":"","width":"","height":""}],"twitter_card":"summary_large_image","schema":{"@context":"https:\/\/schema.org","@graph":[{"@type":"WebPage","@id":"https:\/\/ganbatte.com.ar\/?page_id=136","url":"https:\/\/ganbatte.com.ar\/?page_id=136","name":"Trabaje con Ganbatte - Ganbatte","isPartOf":{"@id":"https:\/\/ganbatte.com.ar\/#website"},"primaryImageOfPage":{"@id":"https:\/\/ganbatte.com.ar\/?page_id=136#primaryimage"},"image":{"@id":"https:\/\/ganbatte.com.ar\/?page_id=136#primaryimage"},"thumbnailUrl":"https:\/\/ganbatte.com.ar\/wp-content\/uploads\/2021\/02\/icon-ganbatte-tittle2.png","datePublished":"2021-03-01T18:56:51+00:00","dateModified":"2021-03-01T18:58:28+00:00","breadcrumb":{"@id":"https:\/\/ganbatte.com.ar\/?page_id=136#breadcrumb"},"inLanguage":"es-AR","potentialAction":[{"@type":"ReadAction","target":["https:\/\/ganbatte.com.ar\/?page_id=136"]}]},{"@type":"ImageObject","inLanguage":"es-AR","@id":"https:\/\/ganbatte.com.ar\/?page_id=136#primaryimage","url":"https:\/\/ganbatte.com.ar\/wp-content\/uploads\/2021\/02\/icon-ganbatte-tittle2.png","contentUrl":"https:\/\/ganbatte.com.ar\/wp-content\/uploads\/2021\/02\/icon-ganbatte-tittle2.png","width":45,"height":48},{"@type":"BreadcrumbList","@id":"https:\/\/ganbatte.com.ar\/?page_id=136#breadcrumb","itemListElement":[{"@type":"ListItem","position":1,"name":"Inicio","item":"https:\/\/ganbatte.com.ar\/"},{"@type":"ListItem","position":2,"name":"Trabaje con Ganbatte"}]},{"@type":"WebSite","@id":"https:\/\/ganbatte.com.ar\/#website","url":"https:\/\/ganbatte.com.ar\/","name":"Ganbatte","description":"Transporting Dreams","publisher":{"@id":"https:\/\/ganbatte.com.ar\/#organization"},"potentialAction":[{"@type":"SearchAction","target":{"@type":"EntryPoint","urlTemplate":"https:\/\/ganbatte.com.ar\/?s={search_term_string}"},"query-input":{"@type":"PropertyValueSpecification","valueRequired":true,"valueName":"search_term_string"}}],"inLanguage":"es-AR"},{"@type":"Organization","@id":"https:\/\/ganbatte.com.ar\/#organization","name":"Ganbatte","url":"https:\/\/ganbatte.com.ar\/","logo":{"@type":"ImageObject","inLanguage":"es-AR","@id":"https:\/\/ganbatte.com.ar\/#\/schema\/logo\/image\/","url":"https:\/\/ganbatte.com.ar\/wp-content\/uploads\/2021\/02\/logo.png","contentUrl":"https:\/\/ganbatte.com.ar\/wp-content\/uploads\/2021\/02\/logo.png","width":172,"height":190,"caption":"Ganbatte"},"image":{"@id":"https:\/\/ganbatte.com.ar\/#\/schema\/logo\/image\/"}}]}},"_links":{"self":[{"href":"https:\/\/ganbatte.com.ar\/index.php?rest_route=\/wp\/v2\/pages\/136","targetHints":{"allow":["GET"]}}],"collection":[{"href":"https:\/\/ganbatte.com.ar\/index.php?rest_route=\/wp\/v2\/pages"}],"about":[{"href":"https:\/\/ganbatte.com.ar\/index.php?rest_route=\/wp\/v2\/types\/page"}],"author":[{"embeddable":true,"href":"https:\/\/ganbatte.com.ar\/index.php?rest_route=\/wp\/v2\/users\/1"}],"replies":[{"embeddable":true,"href":"https:\/\/ganbatte.com.ar\/index.php?rest_route=%2Fwp%2Fv2%2Fcomments&post=136"}],"version-history":[{"count":1,"href":"https:\/\/ganbatte.com.ar\/index.php?rest_route=\/wp\/v2\/pages\/136\/revisions"}],"predecessor-version":[{"id":137,"href":"https:\/\/ganbatte.com.ar\/index.php?rest_route=\/wp\/v2\/pages\/136\/revisions\/137"}],"wp:attachment":[{"href":"https:\/\/ganbatte.com.ar\/index.php?rest_route=%2Fwp%2Fv2%2Fmedia&parent=136"}],"curies":[{"name":"wp","href":"https:\/\/api.w.org\/{rel}","templated":true}]}}